.
55
What is the highest common factor of 344 and 38770864?
344
What is the greatest common divisor of 609 and 966819?
21
Calculate the greatest common factor of 1691923 and 653.
653
Calculate the greatest common divisor of 136428 and 5448.
12
Calculate the highest common factor of 125169 and 297.
33
What is the greatest common divisor of 74 and 20546?
2
What is the greatest common divisor of 242 and 9901012?
22
What is the highest common factor of 462180642 and 3234?
3234
Calculate the highest common divisor of 4071665 and 28781.
1693
Calculate the highest common divisor of 4792 and 18884074.
1198
Calculate the highest common divisor of 1398 and 11826381.
699
What is the greatest common factor of 157088 and 298528?
32
What is the greatest common factor of 309760 and 22705?
5
Calculate the highest common factor of 6890496 and 98304.
3072
What is the highest common divisor of 43699725 and 70975?
4175
Calculate the greatest common factor of 21960306 and 17928.
1494
What is the greatest common divisor of 3361 and 1252406069?
3361
What is the highest common divisor of 151158 and 81618?
366
Calculate the highest common divisor of 25197 and 3580244.
227
Calculate the greatest common divisor of 45363861 and 2124.
531
What is the greatest common divisor of 719437 and 135763?
1069
Calculate the highest common factor of 6699970 and 533870.
1970
Calculate the highest common factor of 392 and 2727487.
49
Calculate the highest common divisor of 3315459 and 408.
51
What is the highest common factor of 47887770 and 8313?
489
What is the highest common factor of 47464 and 514?
2
Calculate the greatest common factor of 4012 and 4620880.
236
Calculate the greatest common divisor of 26 and 997373.
13
What is the greatest common divisor of 17039561 and 175931?
4291
Calculate the greatest common divisor of 200 and 54821525.
25
What is the highest common divisor of 1260 and 35532360?
180
What is the greatest common factor of 41499800 and 19000?
3800
Calculate the highest common factor of 143 and 624015054.
13
What is the highest common factor of 504 and 22463?
7
What is the highest common factor of 44711 and 69?
1
Calculate the highest common factor of 5193 and 8780209.
577
Calculate the highest common factor of 4331243 and 238.
119
What is the greatest common factor of 336564871 and 647?
647
Calculate the greatest common factor of 810 and 14435760.
30
Calculate the greatest common factor of 12861 and 16703581.
1429
What is the greatest common divisor of 13686 and 250?
2
Calculate the highest common factor of 86041559 and 2467.
2467
What is the highest common divisor of 4859287241 and 41?
41
Calculate the greatest common divisor of 981157140 and 180.
180
Calculate the highest common divisor of 4156 and 22296.
4
What is the greatest common divisor of 4087537 and 736?
23
What is the highest common divisor of 587553191 and 2137?
2137
What is the highest common factor of 4498875 and 7325?
25
What is the highest common divisor of 4332 and 363128?
76
Calculate the greatest common divisor of 5762 and 48018358.
86
What is the greatest common factor of 119791 and 348691?
763
Calculate the greatest common divisor of 2684920 and 380.
20
What is the greatest common factor of 1647693 and 528699?
5133
What is the highest common factor of 2206 and 6620206?
2206
Calculate the highest common divisor of 17094 and 18046.
14
What is the highest common factor of 20148 and 271122?
438
Calculate the highest common divisor of 99542040 and 1170.
390
Calculate the highest common divisor of 5353 and 304591.
53
Calculate the highest common factor of 8637850 and 5480.
1370
What is the greatest common divisor of 8134250 and 4250?
250
What is the highest common factor of 2 and 113326855?
1
What is the highest common divisor of 3662892 and 11424?
12
What is the greatest common divisor of 1841248 and 5344?
32
Calculate the greatest common factor of 112308035 and 2975.
595
What is the highest common factor of 22533823 and 1989?
221
Calculate the highest common divisor of 6095010 and 568803.
969
What is the greatest common factor of 4121391 and 1965?
393
What is the greatest common divisor of 3564 and 2860596?
324
What is the greatest common divisor of 2406420 and 696?
348
Calculate the greatest common divisor of 77125 and 285671.
617
Calculate the highest common factor of 6012 and 79852887.
1503
What is the highest common factor of 28671849 and 72758?
5197
Calculate the greatest common divisor of 183 and 5709.
3
What is the greatest common divisor of 28324 and 447364?
388
Calculate the greatest common factor of 149479 and 11892661.
1397
Calculate the greatest common factor of 2786 and 5439938.
14
Calculate the highest common divisor of 1766916 and 1476.
36
Calculate the greatest common divisor of 24375 and 1278550.
325
What is the highest common divisor of 26075 and 646213?
149
What is the greatest common factor of 198420640 and 3520?
1760
What is the greatest common factor of 1115 and 25908809?
223
What is the highest common factor of 39852 and 13136892?
492
What is the highest common divisor of 25209408 and 17472?
1344
What is the highest common divisor of 105657 and 6642?
123
Calculate the highest common factor of 25 and 133514500.
25
What is the greatest common divisor of 503170122 and 2223?
741
What is the highest common divisor of 86699 and 3795389?
181
What is the greatest common factor of 11346 and 46482244?
122
What is the greatest common factor of 138322 and 43958?
62
What is the highest common divisor of 589191 and 22011?
69
What is the highest common divisor of 190 and 121340?
10
What is the greatest common factor of 10822825 and 650?
325
Calculate the highest common factor of 15007711 and 47.
47
Calculate the greatest common divisor of 2415800449 and 1061.
1061
What is the greatest common factor of 185435680 and 1504?
1504
Calculate the highest common factor of 319 and 67583253.
29
What is the highest common divisor of 23591290 and 30?
10
Calculate the highest common divisor of 2875080 and 12804.
1164
Calculate the highest common factor of 1483 and 59315551.
1483
What is the highest common factor of 61 and 8046449?
61
Calculate the greatest common divisor of 606 and 22516536.
606
Calculate the greatest common divisor of 138924480 and 30.
30
What is the greatest common divisor of 221825657 and 1483?
1483
Calculate the greatest common divisor of 1003912 and 16072.
392
Calculate the highest common factor of 30672 and 13503456.
432
What is the highest common divisor of 50403 and 420659?
317
Calculate the greatest common factor of 630435 and 1749.
159
Calculate the greatest common divisor of 7581 and 7084986.
1083
What is the highest common factor of 4904293 and 33158?
281
What is the greatest common factor of 238492 and 1744?
436
What is the highest common divisor of 1151233776 and 88?
88
Calculate the highest common divisor of 918 and 22125024.
306
What is the greatest common factor of 4551 and 51171?
111
What is the greatest common factor of 1029892747 and 29?
29
What is the greatest common factor of 1278820 and 3268?
172
Calculate the highest common factor of 951 and 27879.
3
Calculate the greatest common factor of 399 and 143982.
57
Calculate the greatest common divisor of 3256 and 18056.
296
What is the highest common divisor of 228228 and 105?
21
What is the greatest common factor of 1398525 and 26363?
643
Calculate the highest common divisor of 206760 and 19605.
15
Calculate the greatest common factor of 65094 and 13133.
571
What is the highest common divisor of 263052 and 3066?
6
Calculate the greatest common divisor of 4156 and 23594651.
1039
What is the greatest common divisor of 473312 and 432?
16
What is the greatest common factor of 5510080 and 7710?
2570
Calculate the highest common divisor of 271 and 4765336357.
271
Calculate the highest common factor of 4652 and 41302.
2
What is the highest common factor of 36267 and 4157517?
3297
Calculate the greatest common divisor of 27492 and 12228.
12
What is the highest common divisor of 127245 and 150450?
255
What is the highest common factor of 38411 and 93593?
541
Calculate the greatest common divisor of 2058933 and 13725.
183
Calculate the greatest common factor of 472 and 5050712.
8
Calculate the greatest common divisor of 